se -248 = -j*g - 4*g. What is the tens digit of g?
6
Let q(v) = v. Let o(g) = 4*g + 61. Let s(u) = o(u) - 6*q(u). Let c(r) = -3*r - 18. Let n be c(-6). What is the units digit of s(n)?
1
Suppose 5*c - 10 = 2*n, -4*c = 5*n - 2 - 6. What is the units digit of -8*(-3 - (c - (-28)/(-16)))?
6
Let z(f) = -f**3 + 2*f**2 + 4*f - 1. Let v(q) = q**2 - 3*q. Let b be v(4). Let g be z(b). Let a = g - -76. What is the units digit of a?
9
Suppose a = 4*q, -5*q + 4*q - 18 = 2*a. Let h = 16 + a. What is the units digit of (-46)/h*(-7 - -3)?
3
Let f = -83 - -553. What is the tens digit of f?
7
Let r(m) = -m**2 - 2*m - 1. Let x(u) = 20*u**2 + 9*u + 5. Let t(j) = 4*r(j) + x(j). What is the hundreds digit of t(-4)?
2
Let v(d) = -27*d - 223. What is the hundreds digit of v(-15)?
1
Suppose 2*c - 107 - 209 = 4*r, -2*c = -2*r - 314. What is the tens digit of c?
5
Suppose 3*t - 90*g - 11651 = -94*g, -3*t + 11671 = -g. What is the tens digit of t?
8
Let j = 94 + -92. Suppose t - 369 = -j*t. What is the hundreds digit of t?
1
Let k(i) = 2*i - 10. Let z(x) = 4*x - 19. Let d(s) = 5*k(s) - 2*z(s). Let a be d(8). Suppose 168 = 3*t + m + 11, -a*m = -4*t + 236. What is the tens digit of t?
5
Suppose -1300 = -2*v - 117*t + 122*t, -4*t = 0. What is the tens digit of v?
5
Let t(u) = -115*u - 378. What is the hundreds digit of t(-30)?
0
Suppose 0*q + 12 = 3*q. Suppose w - 2*j = 0, -4*w - q*j + 30 = -w. What is the units digit of (30/(-36))/((-1)/w)?
5
Let f be (-2 - 0)*(157 + 2). What is the units digit of f/(-9) + (-4)/12?
5
Suppose -14*w + 17*w + 27 = 0. Let g(c) = -5*c + 2. Let u be g(-2). Let q = w + u. What is the units digit of q?
3
Suppose 25 = -3*b - 2*b + 3*o, 5 = o. Let j be 39/5 - b/10. Suppose -g + j = -24. What is the units digit of g?
2
Let a(c) = c**2 - 7*c - 24. What is the tens digit of a(19)?
0
Let j(r) = r**3 - 31*r**2 + 15*r + 35. What is the hundreds digit of j(32)?
5
Let o = 1383 + -784. What is the tens digit of o?
9
Suppose 23209 = -34*z + 71965. What is the units digit of z?
4
Let l(n) = 3*n - 15. Let t be l(3). Let y(r) = 4*r**2 - 3*r - 29. What is the units digit of y(t)?
3
Let u be -22*4/24*-3. Suppose 0 = n + 1, -2*f + n + u = 4. Suppose 28 = 4*b + 4*d, 6 = 5*b - f*d - 37. What is the units digit of b?
8
Let j = 238 - 387. Let s = 248 + j. What is the units digit of s?
9
Suppose 440 = -31*m + 32*m. What is the units digit of m?
0
Suppose 0*k + 5*l + 10 = 5*k, 38 = 3*k + 5*l. Suppose 0 = -3*j - 5*h + 24, -2*h = k*j - 5*j - 7. What is the units digit of j?
3
Suppose i - d - 3505 = 0, 4*i = 11*d - 8*d + 14015. What is the thousands digit of i?
3
Let u = -730 + 1349. What is the units digit of u?
9
Suppose 5*z + 780 - 185 = 0. Let p = 187 + z. What is the tens digit of p?
6
What is the units digit of (9/(-27) - 0)/((-2)/5406)?
1
Let i be 8/(-24) - 92/(-6). Let o = i - 12. Suppose 1 = -o*v + 4. What is the units digit of v?
1
Let l = -84 + 248. Let d = l + -86. What is the units digit of d?
8
Suppose -2*l = -4*l - 5*f - 24, 5*l - 2*f = -2. Let z(j) = j**3 - j**2 + 1. Let v be z(0). What is the units digit of v/(l*2/(-72))?
8
Let s = -47 - -29. What is the tens digit of s/45 - 307/(-5)?
6
Suppose 3*q + 18 = 5*q + 4*j, 5*q = 3*j - 20. What is the tens digit of 172 - (-3 - -1) - (0 + q)?
7
Let n(s) = -s**3 - 2*s**2 - 15*s - 11. Let x be n(-8). Suppose -4*u = 2*p - 932, 4*u - x - 439 = -p. What is the hundreds digit of u?
2
Suppose -3*x - 2361 = 3*w - 4*w, w + 5*x = 2345. What is the units digit of w?
5
Suppose 0 = 2*p - 3*u - 422, p + u + 210 = 2*p. Let n = -96 + p. What is the units digit of n?
2
What is the hundreds digit of 15/(-6) - (-435)/2?
2
Let s = 586 - -506. What is the tens digit of s?
9
Suppose 8*q - 14*q + 198 = 0. Suppose 2*n + n = q. What is the units digit of n?
1
Let p be (2 + -1)/((-4)/(-8)). Suppose -26 = -3*c - p. What is the units digit of c?
8
Let k = 1857 - 1010. What is the tens digit of k?
4
Let z be (-23)/(-5) + (-24)/40. Let d(w) = -6*w + 13 + z + 2. What is the units digit of d(-10)?
9
Suppose 0 = 3*k + 3*r - 2340, -2*r - 291 = 4*k - 3405. What is the units digit of k?
7
Suppose -i + 4*k = -6*i + 9, 2*i + 4*k + 6 = 0. What is the tens digit of 2/5 - (-228)/i?
4
Let h(p) = 25*p + 3. Let j be h(1). Let m = -21 + j. What is the units digit of m?
7
Let s(v) = -v**2 - 3*v + 6. Let l be s(-6). Let j be (8/l)/((-2)/9). Suppose -z + j = 3*q + 1, 2*q - 2*z - 4 = 0. What is the units digit of q?
1
Let p(y) = 69*y**3 + y**2 + y + 1. Let j be p(3). Suppose -j = -8*u + 108. What is the units digit of u?
8
What is the hundreds digit of (-3)/5 - (-3078)/5?
6
Suppose 2*d + 2*p = -0 - 2, -4*d = -4*p - 20. Suppose -d*z + 30 = 3*z. What is the units digit of 12/8*16/z?
4
Suppose 0 = m + r + 2 + 1, -2*m = -4*r - 6. Let s(t) = 44*t**2 + t. What is the tens digit of s(m)?
4
Suppose 0 = -2*h + 5*h - 9. What is the hundreds digit of (-24862)/(-93) + 1/h*-1?
2
Suppose 0 = 4*j - 4*z - 16, 2*j + 0 - 8 = -4*z. Suppose -181 = -g - j*y, 4*g - 2*y - 613 = g. What is the units digit of g?
1
Let z = -557 + 1332. What is the units digit of z?
5
Let v(p) = -p**3 - 4*p**2 + 3*p - 6. Let t be v(-5). Suppose -t*q + 50 = -142. What is the tens digit of q?
4
Let z = -110 + 115. Suppose 0 = 4*l - 5*o - 247, l + 3*o - 5*o - 61 = 0. Suppose -p = -4*p + 9, t - l = -z*p. What is the units digit of t?
8
Let f(g) = -2*g + 43. Let z be f(24). What is the hundreds digit of (z - -2) + (65 + 2)*2?
1
Let n = 2 + -4. Let p(w) be the second derivative of 5*w**4/12 - w**2 - 2*w. What is the tens digit of p(n)?
1
Suppose -42 = -a + 14. Suppose 0 = n + 6*n - a. Suppose -n*v - 96 = -520. What is the units digit of v?
3
Let j(s) = s**3 - 4*s**2 + s - 1. Let h be j(2). Let u(k) = -16*k - 275 - k**3 + 6*k + 273 - 8*k**2. What is the tens digit of u(h)?
1
Let q(l) = l**2 + 4*l + 25. Let v = 16 - 24. What is the tens digit of q(v)?
5
Let i(b) = b**3 + 4*b**2 - 12*b + 5. Let v be i(-6). What is the units digit of v + 6/(-5 - -2)?
3
Suppose 0 = 4*v - 5*v - 156. Let u = 299 + v. What is the units digit of u?
3
Suppose 5*q - 2*o = 935, -190 = -4*q + 3*q + o. Suppose q = 2*z - 85. What is the hundreds digit of z?
1
Suppose -7 = 3*w - 4. Let b be (-3)/((3 + 0)/w). Let i = 5 - b. What is the units digit of i?
4
Let u be (-1 + 0)/((-2)/(-12)). Let q(n) = -40 + 79 + 4*n - 5*n - 37. What is the units digit of q(u)?
8
Let o(f) = -3*f - 10. Let g be o(-9). What is the tens digit of (76/6)/(3 - g/6)?
7
Suppose -j = 4*x - 1491, -43*x - 4388 = -3*j - 38*x. What is the tens digit of j?
7
Let p be (-10)/3*9*(-3 - -2). Suppose 62 = 4*z - p. What is the units digit of z?
3
Let t = -687 - -205. What is the units digit of (-2)/(-11) - t/11?
4
Let n(x) = 2*x**2 + 4*x - 3. Suppose -5*z - 5*k = -2*k + 23, -z - 4*k = 8. Let d be n(z). Suppose -3*c + 55 - d = 0. What is the tens digit of c?
1
Suppose 5*x + 46 + 4 = 0. Let c be 2766/21 - x/35. Suppose -4*t - c + 392 = 0. What is the tens digit of t?
6
Let f = -9 + 17. Suppose -f*m + 5*m + 6 = 0. Suppose z = i + 16, 0 = -z - 5*i + m*i. What is the units digit of z?
2
Suppose -8*u + 8667 = 2419. What is the hundreds digit of u?
7
Let y = 780 - 324. What is the units digit of y?
6
Let o(b) = -29*b - 365. What is the hundreds digit of o(-53)?
1
Let d(v) = -93*v + 1. Let b = -47 - -46. What is the tens digit of d(b)?
9
Suppose 7*k = 12*k - 115. Let l = -18 + k. Suppose 3*a - 50 = 2*s + 50, 176 = l*a - s. What is the units digit of a?
6
What is the hundreds digit of 4 - (2*-186 - 4 - -3)?
3
Let g = 89 + -19. Let s = 103 - g. What is the units digit of s?
3
Suppose 0 = 2*a - 62 - 2. Let p(i) = 58*i - 12. Let j be p(0). Let g = j + a. What is the units digit of g?
0
Suppose 0 = -14*y + 45*y - 29543. What is the units digit of y?
3
Let h = 12 + -8. Suppose 3*v - 587 = -h*z, z - 54 = 4*v + 88. What is the tens digit of z?
4
Suppose -h = 4*h - w - 25, -4*w = 2*h + 12. Let i be (82/h)/(1/2). Let m = -24 + i. What is the tens digit of m?
1
Let d = -67 + 614. Suppose -d = -6*x + 191. What is the units digit of x?
3
Let g(t) = 31*t + 68. What is the tens digit of g(9)?
4
Let r be (-463)/3 - 14/21. Suppose -5*a - 503 = 3*c - 4*c, 3*c + 6 = 0. Let g = a - r. What is the tens digit of g?
5
Let x(g) = 3*g**3 - 3*g**2 + 2*g + 2. Let o be (-1)/2 + (-9)/(-2). Suppose o*m - 10 = 2. What i